 3491018476 a multiple of 332?
False
Does 142 divide 10163792?
True
Is 14445024 a multiple of 4?
True
Is 2000338678 a multiple of 913?
False
Does 3630 divide 124966380?
True
Is 10463 a factor of 1373642669?
False
Does 15 divide 404364123?
False
Is 32 a factor of 28811936?
True
Is 327 a factor of 106942080?
True
Does 4241 divide 30755732?
True
Is 26056462 a multiple of 53?
False
Is 7578163622 a multiple of 195?
False
Is 1500 a factor of 287371500?
True
Is 1106435165 a multiple of 55?
True
Is 835 a factor of 237323817?
False
Does 1232 divide 959364248?
False
Does 206 divide 6239740?
True
Is 2329994910 a multiple of 39?
False
Is 5226240 a multiple of 48?
True
Does 192 divide 3732672?
True
Is 255965557 a multiple of 1247?
False
Is 11 a factor of 3147341428?
True
Is 78158875 a multiple of 18?
False
Is 162 a factor of 59141178?
True
Is 2373720 a multiple of 120?
True
Does 1388 divide 178148512?
False
Is 66518129 a multiple of 36?
False
Is 1446147 a multiple of 70?
False
Is 318003799 a multiple of 380?
False
Is 673 a factor of 10388428?
True
Is 1076124 a multiple of 92?
True
Does 213 divide 45937071?
True
Is 233 a factor of 71046755?
False
Does 238 divide 25159195?
False
Is 262 a factor of 57275476?
False
Is 41 a factor of 116989716?
False
Does 3 divide 1003001247?
True
Does 1590 divide 193256617?
False
Does 50 divide 1563463750?
True
Is 7836 a factor of 69598601?
False
Is 346244768 a multiple of 16?
True
Is 156549468 a multiple of 397?
False
Is 1433 a factor of 2969911129?
True
Does 95 divide 408838889?
False
Does 254 divide 2295652?
True
Is 33 a factor of 3860901281?
False
Does 55 divide 97048160?
True
Is 1197 a factor of 1758239784?
True
Does 10 divide 696023520?
True
Does 2333 divide 1163324033?
False
Does 1545 divide 437959296?
False
Is 399 a factor of 475092093?
True
Does 1694 divide 78914990?
True
Is 2057 a factor of 71633266?
False
Is 8626000 a multiple of 8?
True
Is 13945367 a multiple of 1723?
False
Is 17 a factor of 116847?
False
Is 88819380 a multiple of 195?
True
Is 150790857 a multiple of 24?
False
Does 15 divide 23466811?
False
Is 226 a factor of 208434030?
False
Does 12 divide 40829155?
False
Is 1390 a factor of 12662096?
False
Does 12 divide 1058803124?
False
Does 871 divide 45888635?
True
Is 27 a factor of 21074099?
False
Is 116565696 a multiple of 864?
True
Does 4411 divide 845010859?
True
Is 59031357 a multiple of 40?
False
Does 5478 divide 978406081?
False
Does 7 divide 20913977?
True
Is 2097 a factor of 300886859?
False
Does 6 divide 14290812?
True
Does 332 divide 132647280?
True
Is 7464768 a multiple of 816?
True
Is 92 a factor of 9799102?
False
Is 87 a factor of 17130909?
True
Is 188 a factor of 26752429?
False
Does 1228 divide 220657975?
False
Is 221786590 a multiple of 324?
False
Is 284 a factor of 17464132?
False
Is 2274 a factor of 1216140096?
False
Does 3 divide 2559606?
True
Is 667 a factor of 139342771?
False
Does 9 divide 50698800?
True
Is 246 a factor of 6191138?
False
Does 490 divide 308700?
True
Is 1210077291 a multiple of 325?
False
Is 953 a factor of 7567289?
False
Does 25 divide 46436584?
False
Is 299685960 a multiple of 147?
True
Is 3244007120 a multiple of 6260?
True
Is 166655641 a multiple of 36?
False
Is 12 a factor of 204634104?
True
Is 12 a factor of 11076480?
True
Does 631 divide 246935540?
True
Is 163609950 a multiple of 139?
True
Is 1101727813 a multiple of 92?
False
Is 56 a factor of 557862991?
False
Does 12 divide 6143668?
False
Is 99 a factor of 32460980?
False
Does 2309 divide 192697595?
True
Is 37821290 a multiple of 2782?
True
Is 142283100 a multiple of 4193?
False
Is 59 a factor of 565649669?
False
Is 67 a factor of 257902497?
True
Is 39 a factor of 41703947?
False
Is 12506283 a multiple of 84?
False
Is 77546739 a multiple of 203?
False
Is 74530947 a multiple of 2157?
False
Is 4485690 a multiple of 1970?
True
Is 34 a factor of 187982652?
False
Does 18 divide 116700211?
False
Is 737 a factor of 119281239?
True
Does 1182 divide 43395552?
False
Does 26 divide 726367642?
True
Does 223 divide 27326866?
True
Does 52 divide 12677847?
False
Does 103 divide 2459053?
False
Does 3827 divide 354546859?
False
Is 65822301 a multiple of 1865?
False
Is 9 a factor of 40829177?
False
Does 24 divide 22056102?
False
Is 900 a factor of 386567100?
True
Is 12 a factor of 12982184?
False
Is 11049378 a multiple of 1409?
True
Does 3571 divide 1298881002?
False
Does 1439 divide 19830859?
True
Does 637 divide 23918076?
True
Does 10 divide 194913430?
True
Is 1616 a factor of 15953809?
False
Is 20409402 a multiple of 699?
True
Is 511483017 a multiple of 467?
False
Is 3309 a factor of 226554925?
False
Is 43976209 a multiple of 16?
False
Does 20 divide 82329322?
False
Is 91136672 a multiple of 253?
True
Is 201 a factor of 9279567?
True
Is 108096216 a multiple of 3?
True
Is 21 a factor of 57333255?
True
Is 175 a factor of 301075775?
True
Does 70 divide 43100365?
False
Is 85 a factor of 2568181245?
True
Does 232 divide 1604428936?
False
Is 47 a factor of 326910756?
True
Does 69 divide 14031410?
False
Is 16 a factor of 2820244040?
False
Is 11309274 a multiple of 9?
True
Is 18 a factor of 38256642?
True
Is 37 a factor of 24409455?
True
Is 59096688 a multiple of 10?
False
Does 479 divide 5646252257?
True
Does 204 divide 380518201?
False
Does 51 divide 99239115?
True
Does 60 divide 240279660?
True
Is 6786633 a multiple of 23?
True
Does 36 divide 25286908?
False
Does 87 divide 39471693?
False
Is 338007615 a multiple of 55?
True
Does 1933 divide 303485697?
False
Is 34552960 a multiple of 629?
False
Is 384087748 a multiple of 197?
True
Is 30 a factor of 2528183865?
False
Does 32 divide 39507406?
False
Is 64 a factor of 41927799?
False
Is 3946797109 a multiple of 45?
False
Is 316215857 a multiple of 266?
False
Is 28 a factor of 417849040?
True
Is 1071 a factor of 1164856014?
True
Is 30692333 a multiple of 427?
True
Is 38 a factor of 309915042?
True
Is 14792532 a multiple of 21?
False
Is 154 a factor of 38634904?
True
Does 42 divide 14547246?
True
Is 26843796 a multiple of 518?
True
Is 25 a factor of 26085300?
True
Is 326 a factor of 30238456?
True
Is 37354053 a multiple of 299?
False
Is 261 a factor of 119683029?
False
Is 94 a factor of 404571582?
True
Is 15078450 a multiple of 9?
False
Does 971 divide 176253978?
True
Is 20652010 a multiple of 13?
False
Does 763 divide 901221517?
False
Is 103536290 a multiple of 13?
True
Is 5426523 a multiple of 375?
False
Does 1422 divide 668196883?
False
Does 32 divide 55217504?
True
Is 42850066 a multiple of 2258?
True
Does 6100 divide 594382739?
False
Does 7 divide 2108652?
True
Is 1652 a factor of 1561032620?
True
Is 45288028 a multiple of 95?
False
Is 128684226 a multiple of 982?
True
Is 230 a factor of 69113568?
False
Is 125 a factor of 211705375?
True
Does 349 divide 8275860?
False
Is 49902176 a multiple of 2?
True
Is 140092159 a multiple of 51?
False
Is 25838208 a multiple of 2?
True
Does 314 divide 178816038?
False
Does 45 divide 81066308?
False
Is 12 a factor of 82061828?
False
Is 952848041 a multiple of 50?
False
Is 45843952 a multiple of 176?
True
Is 1039452141 a multiple of 213?
True
Does 59 divide 4705663?
True
Is 36134783 a multiple of 126?
False
Is 1719 a factor of 57995925?
False
Is 28260657 a multiple of 27?
True
Is 407452498 a multiple of 664?
False
Is 776 a factor of 43738464?
True
Is 181153192 a multiple of 44?
True
Is 581363900 a multiple of 5?
True
Is 41 a factor of 65239117?
False
Is 5 a factor of 42340925?
True
Does 15 divide 13339770?
True
Does 12 divide 701869874?
False
Is 52355747 a multiple of 20?
False
Does 1889 divide 331734846?
True
Does 108 divide 3043633690?
False
Is 362 a factor of 316893352?
True
Does 51 divide 177824760?
True
Is 1275 a factor of 309826275?
True
Is 1074200556 a multiple of 156?
True
Does 832 divide 19284928?
True
Does 752 divide 21658612?
False
Is 3644987 a multiple of 1489?
False
Is 87 a factor of 17313195?
False
Is 5 a factor of 56039451?
False
Is 1131893493 a multiple of 28?
False
Is 530645565 a multiple of 15?
True
Does 1587 divide 1298205675?
True
Is 861 a factor of 118944251?
False
Is 2175160 a multiple of 356?
True
Does 11 divide 128634033?
True
Is 14870691 a multiple of 12?
False
Is 195 a factor of 58542315?
True
Is 42 a factor of 53795676